(r) = -r**3 + 13*r**2 - 10*r - 23. Give v(12).
1
Let k(f) = -6*f. Calculate k(-4).
24
Let i(d) = 2*d**3 - 49*d**2 - 25*d - 4. Calculate i(25).
-4
Let m(l) = 26*l + 1. Calculate m(-1).
-25
Let l(g) = -13*g**2 - 3*g - 1. Calculate l(-1).
-11
Let h(b) = b**2 + 23*b + 68. What is h(-3)?
8
Let z(d) = -6*d**2 + 2*d. Determine z(3).
-48
Let m(v) = -2*v + 10. Determine m(8).
-6
Let r(t) = t**2 - 5*t + 5. Determine r(0).
5
Let t(m) = -m**2 + 38*m - 216. Give t(31).
1
Let i(v) = 3*v - 3. Determine i(-1).
-6
Let r(j) = -42*j - 465. What is r(-11)?
-3
Let u(b) = b**3 + 6*b**2 - 11*b - 7. Give u(-7).
21
Let h(x) = -2*x**2 - 9*x + 85. Calculate h(5).
-10
Let w(d) = d**3 + 8*d**2 - 11*d + 12. Determine w(-9).
30
Let n(s) = -s**2 - 5*s + 6. Determine n(-8).
-18
Let m(b) = -b**2 + 10*b - 16. What is m(7)?
5
Let g(u) = u**2 - 8*u + 8. Calculate g(4).
-8
Let g(j) = -4*j + 9. What is g(1)?
5
Let a(i) = i**2 + 6*i + 3. Give a(-3).
-6
Let d(g) = g**3 + 2*g + 2. Calculate d(-2).
-10
Let s(y) = y**3 - 38*y**2 + 2*y - 75. Calculate s(38).
1
Let u(v) = -2*v + 1. What is u(-5)?
11
Let x(u) = 26*u - 141. Calculate x(6).
15
Let x(f) = f**3 + f**2 - 2*f + 99. Give x(0).
99
Let p(r) = 5*r + 27. Give p(-6).
-3
Let z(f) = f**3 - 14*f**2 - 14*f + 3. Calculate z(15).
18
Let a(o) = 2*o**3 - 10*o**2 + 7*o - 2. What is a(4)?
-6
Let v(d) = -d**3 - 5*d**2 - 2*d + 2. Calculate v(-5).
12
Let j(p) = p**2 + 3*p - 13. Calculate j(4).
15
Let q(y) = -y**2 - 4*y - 10. Calculate q(5).
-55
Let j(l) = l**3 + 21*l**2 - 2*l - 21. Determine j(-21).
21
Let b(c) = -2*c**3 + 4*c**2 - 2*c - 2. Determine b(2).
-6
Let i(h) = h - 3. What is i(-7)?
-10
Let u(i) = i**2 - 11*i - 32. Determine u(13).
-6
Let p(y) = -y - 3. Determine p(-5).
2
Let h(g) = -3*g**2 - 9*g - 39. What is h(-4)?
-51
Let x(v) = v**3 + 8*v**2 + v - 41. Give x(-7).
1
Let r(n) = -10*n - 222. Give r(-22).
-2
Let n(c) = c + 24. Determine n(-21).
3
Let g(z) = -15*z - 4. What is g(-2)?
26
Let j(l) = -7*l + 38. Calculate j(5).
3
Let c(s) = 5*s**2 - s + 1. Give c(-4).
85
Let q(z) = -z**3 - 8*z**2 - 1. Calculate q(-7).
-50
Let m(b) = -6*b**3 - b**2 - b. Calculate m(-1).
6
Let p(c) = -c**3 + 5*c**2 - 2*c + 55. Determine p(6).
7
Let g(u) = -2*u**3 - 16*u**2 + 19*u + 11. Determine g(-9).
2
Let f(z) = z**2 - 12*z - 50. Give f(-3).
-5
Let q(j) = -5*j + 49. What is q(8)?
9
Let o(i) = -i**2 + 5*i - 4. Calculate o(4).
0
Let c(u) = u**3 - 8*u**2 + 5*u. Give c(8).
40
Let y(x) = -601*x - 3608. Calculate y(-6).
-2
Let l(d) = 24*d**3 - 2*d**2 + 2*d - 1. What is l(1)?
23
Let b(y) = -5*y - 5. What is b(-3)?
10
Let p(b) = -3*b - 9. What is p(-8)?
15
Let z(x) = -x**2 - 15*x - 31. Determine z(-12).
5
Let s(x) = x**3 - 7*x**2 - 4*x + 5. Determine s(7).
-23
Let r(y) = y**2 + 4*y - 2. Determine r(-4).
-2
Let u(f) = -3*f**2 - 6*f - 3. What is u(-3)?
-12
Let m(u) = -u**3 + 5*u**2 - 6*u - 6. Calculate m(4).
-14
Let o(v) = 2*v**2 + 5*v + 3. Give o(-2).
1
Let v(q) = 3*q**2 - 182*q + 120. Determine v(60).
0
Let l(o) = 3*o. What is l(1)?
3
Let r(d) = -4*d + 8. Calculate r(-8).
40
Let p(a) = 3*a**2 + 9*a - 3. Determine p(-4).
9
Let s(p) = -3*p - 10. Calculate s(12).
-46
Let i(d) = -d**2 - 45*d - 91. Determine i(-2).
-5
Let m(t) = -2*t**2 - 13*t - 5. Determine m(-10).
-75
Let c(p) = -6*p + 48. Give c(8).
0
Let v(h) = -h**2 + 9*h - 13. Determine v(6).
5
Let s(y) = -y + 16. Give s(-11).
27
Let o(z) = z**2 - 13*z - 28. What is o(13)?
-28
Let f(v) = -v**3 - 5*v**2 - 4*v - 2. Calculate f(-3).
-8
Let o(d) = -5*d**3 - 5*d**2 - 4*d. Give o(-1).
4
Let s(c) = c**2 - 12*c + 39. Determine s(7).
4
Let x(b) = 2*b**3 + b**2 - 3*b + 2. Determine x(1).
2
Let b(m) = -m + 1. Determine b(4).
-3
Let q(k) = -k**3 - 12*k**2 - 16*k - 24. Calculate q(-10).
-64
Let m(c) = 2*c - 27. Calculate m(8).
-11
Let g(h) = h**2 + 7*h + 6. Give g(-10).
36
Let m(y) = -y**2 + 8*y - 32. Calculate m(3).
-17
Let f(g) = 2*g**3 - 22*g**2 + 2*g - 26. Calculate f(11).
-4
Let v(p) = 4*p + 5. Determine v(-4).
-11
Let q(l) = l**3 - l**2 - 12*l - 2. What is q(5)?
38
Let s(a) = -a + 13. Give s(0).
13
Let m(h) = h**2 - 11*h + 16. Give m(11).
16
Let o(c) = -c**2 + 9*c - 1. Determine o(8).
7
Let h(p) = -3*p - 13. Calculate h(5).
-28
Let m(v) = -4*v + 27. What is m(10)?
-13
Let q(y) = -y**3 + y + 4. Calculate q(2).
-2
Let j(x) = 20*x - 178. Determine j(8).
-18
Let y(b) = 61*b + 4. Give y(-2).
-118
Let l(r) = -2*r - 1. Calculate l(16).
-33
Let i(a) = -3*a + 125. Calculate i(41).
2
Let f(y) = -2*y**2 + 41*y - 162. Determine f(13).
33
Let p(b) = 2*b - 14. Calculate p(4).
-6
Let d(v) = -v**3 - 6*v**2 + 5*v - 9. Give d(-7).
5
Let d(h) = -8*h**3 - 3*h**2 + 5*h + 1. What is d(2)?
-65
Let z(h) = h**3 + 8*h**2 + 7*h - 23. What is z(-7)?
-23
Let j(h) = h**3 - h**2 + h - 3. What is j(0)?
-3
Let t(a) = -2*a**2 - 46*a - 223. Calculate t(-16).
1
Let z(s) = -s**2 + 5*s + 19. Calculate z(7).
5
Let v(f) = 3*f**2 - 20*f - 6. Determine v(7).
1
Let j(z) = -65*z. What is j(1)?
-65
Let d(f) = f**3 + 8*f**2 - 19*f + 18. Calculate d(-10).
8
Let o(g) = -g**2 - g + 3. What is o(-5)?
-17
Let z(h) = -h**3 - h + 3. What is z(0)?
3
Let h(v) = -v + 5. Determine h(-5).
10
Let q(d) = -2*d - 67. Determine q(-5).
-57
Let j(r) = -5*r**3 - r**2 - 2*r - 1. Determine j(-1).
5
Let h(z) = z**2 + 21*z + 22. Determine h(-20).
2
Let k(a) = -4*a - 1. Determine k(-8).
31
Let u(c) = c**3 - 2*c**2 - 3*c + 7. Give u(3).
7
Let r(x) = -102*x + 1225. What is r(12)?
1
Let f(t) = 3*t**2 + 14*t + 11. What is f(-5)?
16
Let a(t) = t**3 + 5. Give a(0).
5
Let g(c) = -19*c + 174. Calculate g(9).
3
Let f(d) = 8*d - 18. Determine f(2).
-2
Let p(d) = -25*d + 1. Determine p(1).
-24
Let v(q) = -44*q**2 + 2*q - 1. Calculate v(1).
-43
Let b(o) = -2*o**3 - 14*o**2 - 9*o + 20. Determine b(-6).
2
Let o(k) = k**3 - 12*k**2 - 34*k + 78. Give o(14).
-6
Let a(j) = -j**3 + 22*j**2 + j + 12. Determine a(22).
34
Let y(m) = -2*m**3 + 3*m**2 - 6*m + 6. Calculate y(3).
-39
Let s(p) = p**2 - 47*p - 144. What is s(50)?
6
Let g(j) = j - 1. What is g(1)?
0
Let s(o) = o**3 - 8*o**2 - 6*o - 9. Give s(9).
18
Let a(q) = 37*q**2 + 6*q - 5. Determine a(1).
38
Let v(p) = -p**2 - 16*p + 12. What is v(-15)?
27
Let o(y) = -y**3 - 2*y**2 - 7*y + 21. Determine o(2).
-9
Let y(j) = 3*j + 11. What is y(-7)?
-10
Let o(s) = -s**2 - 30*s + 35. Calculate o(-29).
64
Let o(c) = c**2 + 3*c - 15. Determine o(3).
3
Let g(j) = 35*j - 25. Determine g(2).
45
Let r(p) = 24*p**3 + 1. Give r(1).
25
Let z(j) = -18*j + 122. What is z(8)?
-22
Let j(h) = 6*h + 23. Calculate j(-11).
-43
Let t(m) = -63*m + 2. Determine t(1).
-61
Let y(n) = -8*n**2 - 119*n + 22. What is y(-15)?
7
Let p(l) = -13*l - 285. What is p(-22)?
1
Let u(v) = -3*v**3 + 8*v**2 - 4*v + 5. Determine u(3).
-16
Let p(g) = g**2 - 8*g - 16. What is p(9)?
-7
Let y(n) = -n**3 - n**2 + 5*n + 5. Determine y(-2).
-1
Let i(b) = 27*b - 72. Give i(3).
9
Let g(c) = -c**2 - 15*c - 23. What is g(-13)?
3
Let y(n) = n**3 - 18*n**2 + 17*n - 4. Give y(17).
-4
Let h(y) = -y**2 + 23*y + 10. What is h(22)?
32
Let q(l) = -l**2 - 10*l + 4. What is q(-11)?
-7
Let i(d) = -5*d**2 - 2*d - 4. What is i(-1)?
-7
Let v(s) = -3*s**2 - 16*s + 44. What is v(-7)?
9
Let s(t) = 3*t - 6. Calculate s(4).
6
Let b(n) = -21*n - 122. Determine b(-6).
4
Let r(a) = 15*a**3 + a**2 - 2*a + 1. Give r(1).
15
Let x(l) = -l**2 - 39*l + 126. What is x(-42)?
0
Let v(k) = -4*k - 38. What is v(-9)?
-2
Let w(m) = -6*m - 65. What is w(-13)?
13
Let m(f) = -33*f - 273. Calculate m(-8).
-9
Let g(y) = 8*y**2 - 68*y + 26. Give g(8).
-6
Let z(q) = q**2 - 8*q + 12. Give z(6).
0
Let j(p) = -p**2 + 10*p + 20. Calculate j(9).
29
Let t(i) = -i**3 + 37*i**2 - 3*i + 107. Give t(37).
-4
Let b(x) = -x**3 + 28*x**2 + 40*x - 311. Give b(29).
8
Let k(v) = v**3 - 7*v**2 + v - 10. Give k(7).
-3
Let k(a) = -2*a + 3. Determine k(-12).
27
Let o(z) = z**3 + 3*z**2 - 8*z - 3. Determine o(-5).
-13
Let u(k) = -k**3 + 3*k**2 - 9*k. Calculate u(4).
-52
Let g(o) = 13*o**3 + 2*o**2 + o. Determine g(-1).
-12
Let m(v) = 3*v - 101. Calculate m(41).
22
Let y(a) = a**3 - 12*a**2 + 21*a + 29. Give y(8).
-59
Let o(g) = 3*g + 29. Give o(-9).
2
Let i(k) = k - 25. Give i(11).
-14
Let b(r) = 14*r - 8. Determine b(4).
48
Let z(j) = -j**3 - j**2 - 9*j - 1. Give z(0).
-1
Let m(g) = 2*g**2 - 22*g + 11. What is m(11)?
11
Let s(x) = -x**3 - 19*x**2 - 15*x + 40. Calculate s(-18